 be t(-11). Suppose 0 = -d*v + 2*v. Suppose -6*y - 47 = -i - 2*y, v = 5*y. List the prime factors of i.
47
Suppose 19*o + 235902 = 625592. What are the prime factors of o?
2, 5, 7, 293
Suppose -11*k = -7*k - 9544. List the prime factors of k.
2, 1193
Let v(f) = 25 + 11 + 13 - 7 - 24*f. Suppose -4 = -t - 10. What are the prime factors of v(t)?
2, 3, 31
Suppose 2*z = -4, 0*z = -q - 3*z + 201. Let l be (-1)/(9 + -2 - 6). List the prime factors of q/6 - l/(-2).
2, 17
Let d(m) = -22*m - 229*m**2 + 5*m + 245*m**2 - 23. What are the prime factors of d(-5)?
2, 3, 7, 11
Let i be 2/(-10)*(-7 + 5 + 2). What are the prime factors of (0 - 282)/1*(i - 1)?
2, 3, 47
Let h be (1/(-5))/((-2)/10). Suppose 0 = 3*s - 4 - 2. List the prime factors of -3*(h + s)/(-3).
3
List the prime factors of 20844 - (-22 - -29)*9/(-21).
3, 6949
List the prime factors of (32 - 20) + 201 + 0.
3, 71
Let b(o) = 12*o**2 - 51*o + 18. What are the prime factors of b(7)?
3, 83
Let t be -11766 - (2/(-11) - 48/(-22)). Let g be 2/3 + (-5)/(30/t). Suppose 2*f + 7*f = g. List the prime factors of f.
2, 109
Suppose 0 = i + d - 41 - 4, 5*d = -i + 37. Let r = i - -41. List the prime factors of r.
2, 11
Suppose j = 11 - 9. Suppose -5*r - j*r = -3150. Suppose r = -90*m + 93*m. What are the prime factors of m?
2, 3, 5
Let d = -6976 - -43058. List the prime factors of d.
2, 18041
Let b(u) = u**3 - 3*u**2 - 15*u - 14. Let g be b(-8). What are the prime factors of g/(-1) + 0/(-3 + 1)?
2, 13, 23
Let o be -2 - -1 - 2*-2. Let z(d) = 3*d - 4. Let m be z(o). Suppose -10*l + m*l = -235. List the prime factors of l.
47
Let f(k) = k**3 + 14*k**2 + k + 20. Let d be (-4)/(-3)*-1*210/28. List the prime factors of f(d).
2, 5, 41
Let m(o) = 5*o**3 + 50*o**2 + 27*o - 269. List the prime factors of m(13).
29, 673
Let r(y) = 40*y**2 - 4*y - 1. Let a be r(-3). Suppose -n = -5, 46 + a = p - 2*n. Suppose -6*b = 97 - p. List the prime factors of b.
5, 11
Let v be (12 - (1 + -1))*(-12)/(-36). Let l(i) = 9*i**2 - v*i**2 - 6 + 0 + 2. List the prime factors of l(2).
2
Suppose -524*u = -456*u - 180744. List the prime factors of u.
2, 3, 443
Suppose 9*l - 10 = 8*l. Suppose -35*c = -37*c + l. What are the prime factors of 92 + 7 - (c + -1)?
5, 19
Let k be 14/3 - ((-4)/3)/4. Let o be (48/(-60))/((-1)/k). Suppose 0 = -2*f + 48 + o. List the prime factors of f.
2, 13
Let v = -70 - -75. List the prime factors of 18/(-99) - ((-23825)/11)/v.
433
Suppose -80*i = -15584 - 507136. List the prime factors of i.
2, 3, 11
Suppose -2*u = 2*p - 7414 - 2642, 2*p = -4. What are the prime factors of u?
2, 5, 503
Let a = 105693 + -23467. What are the prime factors of a?
2, 41113
Let c = 327 - 335. Let z(h) = 26*h**2 + 10*h + 17. List the prime factors of z(c).
1601
Let c(v) = -46*v - 15 - 13 - 2*v**3 + 3*v**3 + 30*v**2 - 38*v**2. List the prime factors of c(14).
2, 3, 7
List the prime factors of 2585 - (5/(-1))/(13/(-13)).
2, 3, 5, 43
Let a(b) = 3*b**2 - 43*b - 18. Let z be a(15). Let j(l) = l**3 - 11*l**2 + 2*l - 56. List the prime factors of j(z).
2, 7
Let v(b) = 0 - 5 + 52*b - 16. Suppose 0 = -91*y + 171 + 11. What are the prime factors of v(y)?
83
Let h = -16010 + 51779. List the prime factors of h.
3, 11923
Let v(g) = g**3 - g**2 - 14. What are the prime factors of v(16)?
2, 1913
Let i(q) = -2*q**2 + 27*q - 85. Let b be i(6). Suppose -x + 3672 = 3*v, -b*v - 4*x + 6120 = x. List the prime factors of v.
2, 3, 17
Let j be (3/(-6))/(2/(-28)). Let p(x) = x**2 - 8*x + 12. Let m be p(j). Suppose m*w = -2*z + 687, -w = -3*z - 2*z - 132. What are the prime factors of w?
137
Suppose -530*n + 532*n = 728. Let q = -2501 + 3721. Suppose 4*z = -n + q. What are the prime factors of z?
2, 107
Let o = 12580 - 5286. List the prime factors of (-3)/((-24)/o) - (-9)/36.
2, 3, 19
List the prime factors of (-119 - -122)/(3/6229).
6229
Suppose -13*o - 7890 = -18*o. Suppose -4*i + o = 2*u - 2*i, 792 = u + 4*i. List the prime factors of u.
2, 197
Suppose -4*b + 19186 = 5*c - 11260, 4*c = 8. List the prime factors of b.
7, 1087
Let k(h) = h**2 - 133. Let g(b) = 132. Let t(x) = 4*g(x) + 3*k(x). List the prime factors of t(0).
3, 43
Suppose 3 - 16 = -a. Let u(w) = -2*w**3 + 28*w**2 - 22*w + 16. What are the prime factors of u(a)?
2, 17
Let s(d) = 26*d**2 - 7*d + 18. Let i be s(2). What are the prime factors of 1*-28*(-567)/i?
3, 7
What are the prime factors of (-100243)/(-7) - 328/(-574)?
14321
Suppose 4*z = -4*f - 0*z + 956, -5*z = 3*f - 707. Suppose -6*t - f = -1228. What are the prime factors of t?
2, 41
Let z(f) = 11*f + 2. Let r = 11 + 1. Let c be z(r). Suppose 2*s = 4*i + c, 4*s - s - 207 = 3*i. What are the prime factors of s?
71
Let w be ((-24)/(-3))/2 + -1. Suppose w*r - 39 = -18. Suppose 4*l + 44 = 2*y, -3*l - 96 = -5*y + r. What are the prime factors of y?
2, 5
Let j be 15400/(-42) - 4/3. List the prime factors of (-4)/(j/(-124) - 3).
2, 31
Let p(k) = 7996*k**2 + 349*k - 14. What are the prime factors of p(-3)?
7, 1447
Let h be 3/15 + 44/5. Let j(t) = 8 + h - 11*t - 14. What are the prime factors of j(-7)?
2, 5
Let o(v) = -12*v**3 + 37*v**2 - 2*v - 1. Let w be o(3). Let p = -4 - -6. What are the prime factors of 94/w + p + -3?
2, 23
Suppose 2*m - 76954 = -4*g, -44*m + 96199 = 5*g - 48*m. What are the prime factors of g?
3, 11, 53
What are the prime factors of (-38814)/(-4)*(-4 - 104/(-12))?
7, 6469
Suppose -792 = -7*h + 4*h. Suppose 0 = -4*t + 88 + h. Let c = -45 + t. What are the prime factors of c?
43
Suppose 8*p + 4 = 28. Suppose 3*q = -2*h - 11, 0 = p*q + h + 7. List the prime factors of q/(-3) - 1200/(-18).
67
Let o(d) = 341*d**2 - 25*d - 4. List the prime factors of o(-10).
2, 13, 1321
Let l be -4*(4 + 102/24). Let z = l + 202. What are the prime factors of z?
13
Suppose -7*o = 40 - 110. Suppose o*i = 2665 + 725. What are the prime factors of i?
3, 113
Let c = 34829 + -20069. What are the prime factors of c?
2, 3, 5, 41
Let m be (68/51)/(2/12). Suppose 0 = 7*v - 11*v + m. Suppose -3*a - 2*w + 150 = -131, 166 = v*a - 4*w. What are the prime factors of a?
7, 13
What are the prime factors of (5729/(-2))/(3/7*882/(-756))?
17, 337
Let c(z) be the third derivative of z**5/12 - 13*z**4/12 - 7*z**3/6 - 8*z**2 + 12*z. List the prime factors of c(-12).
5, 41
Let z(h) = h + 202. Let g be z(-10). Let y = g + 513. List the prime factors of y.
3, 5, 47
Suppose -126*c + 504300 = -3*c. List the prime factors of c.
2, 5, 41
Suppose -1671*u + 1587*u + 3741192 = 0. What are the prime factors of u?
2, 3, 13, 571
Let s = -143 + 143. Suppose 5*g - 5*a + s*a = 480, 5 = -a. Suppose -763 = -6*h - g. What are the prime factors of h?
2, 7
Let f = -6602 + 17433. List the prime factors of f.
10831
Suppose 27*d = 2943 + 18252. Suppose -3*z + 5*j = -583, -3*j + d = 4*z - 2*j. List the prime factors of z.
2, 7
Let s(p) = 4*p**3 - 13*p**2 + 49*p - 237. What are the prime factors of s(15)?
3, 3691
Let y be (-9)/(-36) - 358/(-8). List the prime factors of ((-196405)/y)/(-11) + 4/18.
397
Suppose 0 = 4*j + 3*k + 120, 96 - 6 = -3*j - 4*k. List the prime factors of (-1395)/j*(-84)/(-9).
2, 7, 31
Suppose -5*l = 5, -2*a + 0*a + 3*l = -8085. What are the prime factors of a?
3, 449
Let c(m) = m**3 + 2*m**2 - 6*m - 3. Let j be (-48)/24 + -1*1. Let p be c(j). List the prime factors of 6/(-84)*-428 - p/(-14).
31
Let t(f) = -40*f**2 - 1591*f + 19. What are the prime factors of t(-37)?
2, 2063
Let j = -20626 + 36527. List the prime factors of j.
15901
Let p = 50123 + 8051. What are the prime factors of p?
2, 17, 29, 59
What are the prime factors of 358 + -378 + (1 - -25473)?
2, 11, 13, 89
Let r(p) = p**3 - 8*p**2 + 7*p - 29. Let m be r(4). Let o = 935 + m. What are the prime factors of o?
2, 3, 5, 29
Suppose 9*o - 189 = 5769. What are the prime factors of o?
2, 331
Suppose 0 = -9*g - 0*g + 76239. List the prime factors of g.
43, 197
Suppose 1357 = 3*k - k + 5*r, 5*k - 4*r = 3310. Suppose 5*p - 14*p = -k. List the prime factors of p.
2, 37
Let r(h) = -218*h + 100. What are the prime factors of r(-4)?
2, 3
Let s(k) be the first derivative of 110*k**3/3 - k**2/2 - 5*k + 71. What are the prime factors of s(2)?
433
Suppose -26 = -9*u + 10*u - 4*y, -4*u + 3*y - 39 = 0. What are the prime factors of (156*7)/((-9)/u)?
2, 7, 13
Let x(h) = h**2 + 11*h - 56. Let r be x(16). Suppose 3*s - 155 - r = -b, 4*b